t of 8218?
8
What is the tens digit of 52349?
4
What is the thousands digit of 119654?
9
What is the hundreds digit of 33194?
1
What is the ten thousands digit of 21871?
2
What is the units digit of 15580?
0
What is the tens digit of 804?
0
What is the units digit of 15947?
7
What is the tens digit of 28173?
7
What is the thousands digit of 7406?
7
What is the hundreds digit of 566?
5
What is the units digit of 40202?
2
What is the units digit of 45315?
5
What is the units digit of 1034?
4
What is the units digit of 510?
0
What is the tens digit of 1438?
3
What is the hundreds digit of 5542?
5
What is the hundreds digit of 3651?
6
What is the tens digit of 53?
5
What is the thousands digit of 18915?
8
What is the tens digit of 79165?
6
What is the units digit of 2180?
0
What is the units digit of 636?
6
What is the tens digit of 4255?
5
What is the units digit of 20?
0
What is the tens digit of 2290?
9
What is the ten thousands digit of 12879?
1
What is the thousands digit of 2244?
2
What is the tens digit of 111080?
8
What is the tens digit of 1614?
1
What is the hundreds digit of 661?
6
What is the tens digit of 50783?
8
What is the units digit of 1778?
8
What is the hundreds digit of 4056?
0
What is the hundreds digit of 1362?
3
What is the ten thousands digit of 10750?
1
What is the ten thousands digit of 32997?
3
What is the units digit of 992?
2
What is the ten thousands digit of 23556?
2
What is the hundreds digit of 13034?
0
What is the thousands digit of 68689?
8
What is the ten thousands digit of 10411?
1
What is the tens digit of 4553?
5
What is the units digit of 148309?
9
What is the hundreds digit of 815?
8
What is the hundreds digit of 2289?
2
What is the hundreds digit of 390?
3
What is the units digit of 8523?
3
What is the hundreds digit of 35659?
6
What is the tens digit of 3106?
0
What is the thousands digit of 1392?
1
What is the units digit of 62?
2
What is the thousands digit of 2181?
2
What is the ten thousands digit of 26493?
2
What is the tens digit of 667?
6
What is the tens digit of 31842?
4
What is the tens digit of 2194?
9
What is the hundreds digit of 1896?
8
What is the tens digit of 8889?
8
What is the tens digit of 625?
2
What is the hundreds digit of 4767?
7
What is the tens digit of 24765?
6
What is the ten thousands digit of 48311?
4
What is the ten thousands digit of 70168?
7
What is the units digit of 740?
0
What is the units digit of 12993?
3
What is the tens digit of 19207?
0
What is the units digit of 1521?
1
What is the thousands digit of 5734?
5
What is the tens digit of 2770?
7
What is the ten thousands digit of 18723?
1
What is the units digit of 15074?
4
What is the thousands digit of 26617?
6
What is the units digit of 62502?
2
What is the hundreds digit of 4026?
0
What is the tens digit of 1685?
8
What is the thousands digit of 3813?
3
What is the units digit of 142705?
5
What is the hundreds digit of 9079?
0
What is the units digit of 2632?
2
What is the tens digit of 47689?
8
What is the thousands digit of 26323?
6
What is the units digit of 30208?
8
What is the ten thousands digit of 31553?
3
What is the units digit of 8427?
7
What is the ten thousands digit of 17817?
1
What is the ten thousands digit of 11967?
1
What is the thousands digit of 3041?
3
What is the units digit of 549?
9
What is the units digit of 51222?
2
What is the hundreds digit of 3254?
2
What is the thousands digit of 68875?
8
What is the units digit of 5058?
8
What is the tens digit of 15132?
3
What is the tens digit of 155518?
1
What is the thousands digit of 1782?
1
What is the units digit of 8611?
1
What is the thousands digit of 7342?
7
What is the hundreds digit of 3318?
3
What is the thousands digit of 20334?
0
What is the units digit of 4496?
6
What is the hundreds digit of 185?
1
What is the hundreds digit of 7562?
5
What is the ten thousands digit of 21924?
2
What is the units digit of 2823?
3
What is the ten thousands digit of 20015?
2
What is the thousands digit of 85835?
5
What is the tens digit of 2812?
1
What is the units digit of 4729?
9
What is the thousands digit of 18480?
8
What is the tens digit of 972?
7
What is the hundreds digit of 2637?
6
What is the units digit of 52008?
8
What is the hundreds digit of 16733?
7
What is the tens digit of 25213?
1
What is the tens digit of 44796?
9
What is the thousands digit of 56460?
6
What is the units digit of 4386?
6
What is the units digit of 2897?
7
What is the tens digit of 342?
4
What is the thousands digit of 113472?
3
What is the thousands digit of 4709?
4
What is the hundreds digit of 3310?
3
What is the hundreds digit of 12498?
4
What is the units digit of 188?
8
What is the hundreds digit of 1602?
6
What is the hundreds digit of 1061?
0
What is the tens digit of 539?
3
What is the units digit of 1425?
5
What is the units digit of 3842?
2
What is the tens digit of 966?
6
What is the tens digit of 779?
7
What is the thousands digit of 53845?
3
What is the thousands digit of 57872?
7
What is the tens digit of 4139?
3
What is the tens digit of 200?
0
What is the thousands digit of 3410?
3
What is the ten thousands digit of 37942?
3
What is the tens digit of 1010?
1
What is the hundreds digit of 1926?
9
What is the units digit of 7275?
5
What is the thousands digit of 7706?
7
What is the ten thousands digit of 110621?
1
What is the tens digit of 896?
9
What is the units digit of 11820?
0
What is the thousands digit of 1594?
1
What is the tens digit of 8290?
9
What is the units digit of 89818?
8
What is the units digit of 19020?
0
What is the hundreds digit of 10877?
8
What is the tens digit of 2998?
9
What is the hundreds digit of 6850?
8
What is the thousands digit of 87337?
7
What is the tens digit of 604?
0
What is the tens digit of 488?
8
What is the tens digit of 527?
2
What is the thousands digit of 17961?
7
What is the ten thousands digit of 60394?
6
What is the tens digit of 4965?
6
What is the units digit of 17029?
9
What is the ten thousands digit of 14546?
1
What is the tens digit of 1095?
9
What is the hundreds digit of 482?
4
What is the thousands digit of 7189?
7
What is the tens digit of 541?
4
What is the tens digit of 5548?
4
What is the tens digit of 4559?
5
What is the ten thousands digit of 55985?
5
What is the tens digit of 478?
7
What is the tens digit of 5157?
5
What is the hundreds digit of 1808?
8
What is the hundreds digit of 38312?
3
What is the ten thousands digit of 21728?
2
What is the tens digit of 934?
3
What is the tens digit of 28538?
3
What is the tens digit of 2838?
3
What is the units digit of 4295?
5
What is the hundreds digit of 613?
6
What is the tens digit of 827?
2
What is the tens digit of 3655?
5
What is the thousands digit of 1436?
1
What is the thousands digit of 10195?
0
What is the tens digit of 1061?
6
What is the hundreds digit of 3112?
1
What is the tens digit of 5812?
1
What is the hundreds digit of 472?
4
What is the thousands digit of 71091?
1
What is the hundreds digit of 415?
4
What is the ten thousands digit of 39194?
3
What is the hundreds digit of 10902?
9
What is the tens digit of 200?
0
What is the thousands digit of 21290?
1
What is the tens digit of 109917?
1
What is the thousands digit of 10639?
0
What is the units digit of 6337?
7
What is the tens digit of 12715?
1
What is the tens digit of 9230?
3
What is the thousands digit of 54054?
4
What is the tens digit of 18058?
5
What is the units digit of 12192?
2
What is the units digit of 639?
9
What is the hundred thousands digit of 153098?
1
What is the units digit of 2085?
5
What is the tens digit of 297?
9
What is the hundreds digit of 170?
1
What is the hundreds digit of 567?
5
What is the ten thousands digit of 14995?
1
What is the hundreds digit of 1315?
3
What is the hundreds digit of 13082?
0
What is the hundreds digit of 20623?
6
What is the thousands digit of 141823?
1
What is the hundreds digit of 133?
1
What is the thousands digit of 82294?
2
What is the units digit of 9778?
8
What is the tens digit of 1228?
2
What is the thousands digit of 49972?
9
What is the units digit of 36128?
8
What is the units digit of 1898?
8
What is the hundreds digit of 1435?
4
What is the hundreds digit of 665?
6
What is the tens digit of 811?
1
What i